{"id":978,"date":"2021-06-28T15:50:05","date_gmt":"2021-06-28T14:50:05","guid":{"rendered":"http:\/\/ctfis-acores.org\/wordpress\/?page_id=978"},"modified":"2021-06-28T15:52:09","modified_gmt":"2021-06-28T14:52:09","slug":"teresa-pontes","status":"publish","type":"page","link":"http:\/\/ctfis-acores.org\/wordpress\/?page_id=978","title":{"rendered":"Teresa Pontes"},"content":{"rendered":"\t\t<div data-elementor-type=\"wp-page\" data-elementor-id=\"978\" class=\"elementor elementor-978\">\n\t\t\t\t\t\t\t\t\t<section class=\"elementor-section elementor-top-section elementor-element elementor-element-56b96bf elementor-section-boxed elementor-section-height-default elementor-section-height-default\" data-id=\"56b96bf\" data-element_type=\"section\">\n\t\t\t\t\t\t<div class=\"elementor-container elementor-column-gap-default\">\n\t\t\t\t\t<div class=\"elementor-column elementor-col-100 elementor-top-column elementor-element elementor-element-e88fa8d\" data-id=\"e88fa8d\" data-element_type=\"column\">\n\t\t\t<div class=\"elementor-widget-wrap elementor-element-populated\">\n\t\t\t\t\t\t\t\t<div class=\"elementor-element elementor-element-5c00afc elementor-widget elementor-widget-image\" data-id=\"5c00afc\" data-element_type=\"widget\" data-widget_type=\"image.default\">\n\t\t\t\t<div class=\"elementor-widget-container\">\n\t\t\t\t\t\t\t\t\t\t\t\t\t\t\t<img loading=\"lazy\" decoding=\"async\" width=\"239\" height=\"300\" src=\"http:\/\/ctfis-acores.org\/wordpress\/wp-content\/uploads\/2021\/06\/1120016_10152267207254046_542175415_o-239x300.jpg\" class=\"attachment-medium size-medium\" alt=\"\" srcset=\"http:\/\/ctfis-acores.org\/wordpress\/wp-content\/uploads\/2021\/06\/1120016_10152267207254046_542175415_o-239x300.jpg 239w, http:\/\/ctfis-acores.org\/wordpress\/wp-content\/uploads\/2021\/06\/1120016_10152267207254046_542175415_o-815x1024.jpg 815w, http:\/\/ctfis-acores.org\/wordpress\/wp-content\/uploads\/2021\/06\/1120016_10152267207254046_542175415_o-768x965.jpg 768w, http:\/\/ctfis-acores.org\/wordpress\/wp-content\/uploads\/2021\/06\/1120016_10152267207254046_542175415_o.jpg 1222w\" sizes=\"(max-width: 239px) 100vw, 239px\" \/>\t\t\t\t\t\t\t\t\t\t\t\t\t\t\t<\/div>\n\t\t\t\t<\/div>\n\t\t\t\t\t<\/div>\n\t\t<\/div>\n\t\t\t\t\t\t\t<\/div>\n\t\t<\/section>\n\t\t\t\t<section class=\"elementor-section elementor-top-section elementor-element elementor-element-4c0a998 elementor-section-boxed elementor-section-height-default elementor-section-height-default\" data-id=\"4c0a998\" data-element_type=\"section\">\n\t\t\t\t\t\t<div class=\"elementor-container elementor-column-gap-default\">\n\t\t\t\t\t<div class=\"elementor-column elementor-col-100 elementor-top-column elementor-element elementor-element-7b7ab96\" data-id=\"7b7ab96\" data-element_type=\"column\">\n\t\t\t<div class=\"elementor-widget-wrap elementor-element-populated\">\n\t\t\t\t\t\t\t\t<div class=\"elementor-element elementor-element-d25c85c elementor-widget elementor-widget-text-editor\" data-id=\"d25c85c\" data-element_type=\"widget\" data-widget_type=\"text-editor.default\">\n\t\t\t\t<div class=\"elementor-widget-container\">\n\t\t\t\t\t\t\t<p style=\"text-align: justify; background: white;\"><span style=\"font-size: 10.0pt; font-family: 'Verdana',sans-serif; color: #333333;\">Nascida e criada em S. Miguel, iniciou os estudos em Psicologia na Universidade dos A\u00e7ores em 2008, especializando-se depois em Psicologia Cl\u00ednica e da Sa\u00fade \u2013 Sist\u00e9mica, pela Universidade de Lisboa. Ainda em Lisboa, fez o est\u00e1gio na Cl\u00ednica Psiqui\u00e1trica de S. Jos\u00e9, e, regressada \u00e0 ilha, iniciou actividade profissional na Santa Casa da Miseric\u00f3rdia de Santo Ant\u00f3nio, na Lagoa.<\/span><\/p><p style=\"text-align: justify; background: white;\"><span style=\"font-size: 10.0pt; font-family: 'Verdana',sans-serif; color: #333333;\">Desempenha fun\u00e7\u00f5es no Centro de Terapia Familiar e Interven\u00e7\u00e3o Sist\u00e9mica desde Abril de 2017, desenvolvendo um crescente interesse pela tem\u00e1tica da viol\u00eancia dom\u00e9stica e reabilita\u00e7\u00e3o de agressores.<\/span><\/p>\t\t\t\t\t\t<\/div>\n\t\t\t\t<\/div>\n\t\t\t\t\t<\/div>\n\t\t<\/div>\n\t\t\t\t\t\t\t<\/div>\n\t\t<\/section>\n\t\t\t\t\t\t\t<\/div>\n\t\t","protected":false},"excerpt":{"rendered":"<p>Nascida e criada em S. Miguel, iniciou os estudos em Psicologia na Universidade dos A\u00e7ores em 2008, especializando-se depois em Psicologia Cl\u00ednica e da Sa\u00fade \u2013 Sist\u00e9mica, pela Universidade de Lisboa. Ainda em Lisboa, fez o est\u00e1gio na Cl\u00ednica Psiqui\u00e1trica de S. Jos\u00e9, e, regressada \u00e0 ilha, iniciou actividade profissional na Santa Casa da Miseric\u00f3rdia [&hellip;]<\/p>\n","protected":false},"author":3,"featured_media":0,"parent":0,"menu_order":0,"comment_status":"closed","ping_status":"closed","template":"","meta":{"footnotes":""},"_links":{"self":[{"href":"http:\/\/ctfis-acores.org\/wordpress\/index.php?rest_route=\/wp\/v2\/pages\/978"}],"collection":[{"href":"http:\/\/ctfis-acores.org\/wordpress\/index.php?rest_route=\/wp\/v2\/pages"}],"about":[{"href":"http:\/\/ctfis-acores.org\/wordpress\/index.php?rest_route=\/wp\/v2\/types\/page"}],"author":[{"embeddable":true,"href":"http:\/\/ctfis-acores.org\/wordpress\/index.php?rest_route=\/wp\/v2\/users\/3"}],"replies":[{"embeddable":true,"href":"http:\/\/ctfis-acores.org\/wordpress\/index.php?rest_route=%2Fwp%2Fv2%2Fcomments&post=978"}],"version-history":[{"count":3,"href":"http:\/\/ctfis-acores.org\/wordpress\/index.php?rest_route=\/wp\/v2\/pages\/978\/revisions"}],"predecessor-version":[{"id":982,"href":"http:\/\/ctfis-acores.org\/wordpress\/index.php?rest_route=\/wp\/v2\/pages\/978\/revisions\/982"}],"wp:attachment":[{"href":"http:\/\/ctfis-acores.org\/wordpress\/index.php?rest_route=%2Fwp%2Fv2%2Fmedia&parent=978"}],"curies":[{"name":"wp","href":"https:\/\/api.w.org\/{rel}","templated":true}]}}

<div data-elementor-type="wp-page" data-elementor-id="978" class="elementor elementor-978">
									<section class="elementor-section elementor-top-section elementor-element elementor-element-56b96bf elementor-section-boxed elementor-section-height-default elementor-section-height-default" data-id="56b96bf" data-element_type="section">
						<div class="elementor-container elementor-column-gap-default">
					<div class="elementor-column elementor-col-100 elementor-top-column elementor-element elementor-element-e88fa8d" data-id="e88fa8d" data-element_type="column">
			<div class="elementor-widget-wrap elementor-element-populated">
								<div class="elementor-element elementor-element-5c00afc elementor-widget elementor-widget-image" data-id="5c00afc" data-element_type="widget" data-widget_type="image.default">
				<div class="elementor-widget-container">
															<img loading="lazy" decoding="async" width="239" height="300" src="http://ctfis-acores.org/wordpress/wp-content/uploads/2021/06/1120016_10152267207254046_542175415_o-239x300.jpg" class="attachment-medium size-medium" alt="" srcset="http://ctfis-acores.org/wordpress/wp-content/uploads/2021/06/1120016_10152267207254046_542175415_o-239x300.jpg 239w, http://ctfis-acores.org/wordpress/wp-content/uploads/2021/06/1120016_10152267207254046_542175415_o-815x1024.jpg 815w, http://ctfis-acores.org/wordpress/wp-content/uploads/2021/06/1120016_10152267207254046_542175415_o-768x965.jpg 768w, http://ctfis-acores.org/wordpress/wp-content/uploads/2021/06/1120016_10152267207254046_542175415_o.jpg 1222w" sizes="(max-width: 239px) 100vw, 239px" />															</div>
				</div>
					</div>
		</div>
							</div>
		</section>
				<section class="elementor-section elementor-top-section elementor-element elementor-element-4c0a998 elementor-section-boxed elementor-section-height-default elementor-section-height-default" data-id="4c0a998" data-element_type="section">
						<div class="elementor-container elementor-column-gap-default">
					<div class="elementor-column elementor-col-100 elementor-top-column elementor-element elementor-element-7b7ab96" data-id="7b7ab96" data-element_type="column">
			<div class="elementor-widget-wrap elementor-element-populated">
								<div class="elementor-element elementor-element-d25c85c elementor-widget elementor-widget-text-editor" data-id="d25c85c" data-element_type="widget" data-widget_type="text-editor.default">
				<div class="elementor-widget-container">
							<p style="text-align: justify; background: white;"><span style="font-size: 10.0pt; font-family: 'Verdana',sans-serif; color: #333333;">Nascida e criada em S. Miguel, iniciou os estudos em Psicologia na Universidade dos Açores em 2008, especializando-se depois em Psicologia Clínica e da Saúde – Sistémica, pela Universidade de Lisboa. Ainda em Lisboa, fez o estágio na Clínica Psiquiátrica de S. José, e, regressada à ilha, iniciou actividade profissional na Santa Casa da Misericórdia de Santo António, na Lagoa.</span></p><p style="text-align: justify; background: white;"><span style="font-size: 10.0pt; font-family: 'Verdana',sans-serif; color: #333333;">Desempenha funções no Centro de Terapia Familiar e Intervenção Sistémica desde Abril de 2017, desenvolvendo um crescente interesse pela temática da violência doméstica e reabilitação de agressores.</span></p>						</div>
				</div>
					</div>
		</div>
							</div>
		</section>
							</div>

<p>Nascida e criada em S. Miguel, iniciou os estudos em Psicologia na Universidade dos Açores em 2008, especializando-se depois em Psicologia Clínica e da Saúde – Sistémica, pela Universidade de Lisboa. Ainda em Lisboa, fez o estágio na Clínica Psiquiátrica de S. José, e, regressada à ilha, iniciou actividade profissional na Santa Casa da Misericórdia [&hellip;]</p>
