{"id":366,"date":"2016-09-20T16:39:24","date_gmt":"2016-09-20T15:39:24","guid":{"rendered":"http:\/\/ctfis-acores.org\/wordpress\/?page_id=366"},"modified":"2021-07-06T10:10:08","modified_gmt":"2021-07-06T09:10:08","slug":"ana-cristina-carreiro","status":"publish","type":"page","link":"http:\/\/ctfis-acores.org\/wordpress\/?page_id=366","title":{"rendered":"Ana Cristina Carreiro"},"content":{"rendered":"\t\t<div data-elementor-type=\"wp-page\" data-elementor-id=\"366\" class=\"elementor elementor-366\">\n\t\t\t\t\t\t\t\t\t<section class=\"elementor-section elementor-top-section elementor-element elementor-element-7b88cac elementor-section-boxed elementor-section-height-default elementor-section-height-default\" data-id=\"7b88cac\" data-element_type=\"section\">\n\t\t\t\t\t\t<div class=\"elementor-container elementor-column-gap-default\">\n\t\t\t\t\t<div class=\"elementor-column elementor-col-100 elementor-top-column elementor-element elementor-element-998fd82\" data-id=\"998fd82\" data-element_type=\"column\">\n\t\t\t<div class=\"elementor-widget-wrap elementor-element-populated\">\n\t\t\t\t\t\t\t\t<div class=\"elementor-element elementor-element-82e414c elementor-widget elementor-widget-image\" data-id=\"82e414c\" data-element_type=\"widget\" data-widget_type=\"image.default\">\n\t\t\t\t<div class=\"elementor-widget-container\">\n\t\t\t\t\t\t\t\t\t\t\t\t\t\t\t<img loading=\"lazy\" decoding=\"async\" width=\"300\" height=\"276\" src=\"http:\/\/ctfis-acores.org\/wordpress\/wp-content\/uploads\/2021\/07\/foto-300x276.jpeg\" class=\"attachment-medium size-medium\" alt=\"\" srcset=\"http:\/\/ctfis-acores.org\/wordpress\/wp-content\/uploads\/2021\/07\/foto-300x276.jpeg 300w, http:\/\/ctfis-acores.org\/wordpress\/wp-content\/uploads\/2021\/07\/foto-1024x941.jpeg 1024w, http:\/\/ctfis-acores.org\/wordpress\/wp-content\/uploads\/2021\/07\/foto-768x706.jpeg 768w, http:\/\/ctfis-acores.org\/wordpress\/wp-content\/uploads\/2021\/07\/foto.jpeg 1113w\" sizes=\"(max-width: 300px) 100vw, 300px\" \/>\t\t\t\t\t\t\t\t\t\t\t\t\t\t\t<\/div>\n\t\t\t\t<\/div>\n\t\t\t\t\t<\/div>\n\t\t<\/div>\n\t\t\t\t\t\t\t<\/div>\n\t\t<\/section>\n\t\t\t\t<section class=\"elementor-section elementor-top-section elementor-element elementor-element-da17abb elementor-section-boxed elementor-section-height-default elementor-section-height-default\" data-id=\"da17abb\" data-element_type=\"section\">\n\t\t\t\t\t\t<div class=\"elementor-container elementor-column-gap-default\">\n\t\t\t\t\t<div class=\"elementor-column elementor-col-100 elementor-top-column elementor-element elementor-element-e97d6c7\" data-id=\"e97d6c7\" data-element_type=\"column\">\n\t\t\t<div class=\"elementor-widget-wrap elementor-element-populated\">\n\t\t\t\t\t\t\t\t<div class=\"elementor-element elementor-element-f14ff58 elementor-widget elementor-widget-text-editor\" data-id=\"f14ff58\" data-element_type=\"widget\" data-widget_type=\"text-editor.default\">\n\t\t\t\t<div class=\"elementor-widget-container\">\n\t\t\t\t\t\t\t<p><span style=\"font-size: 16px;\">Ingressou em 2004 no curso de Servi\u00e7o Social na Universidade dos A\u00e7ores concluindo-o em 2008, com est\u00e1gio curricular no servi\u00e7o de neonatologia do Hospital do Divino Esp\u00edrito Santo de Ponta Delgada.<\/span><\/p><div class=\"textcurr\"><p>Em julho e agosto de 2008 desempenhou fun\u00e7\u00f5es de Assistente Social no servi\u00e7o de pediatria e neonatologia da referida entidade hospitalar.<\/p><p>Em setembro de 2008 inicia fun\u00e7\u00f5es na rec\u00e9m-formada Equipa de Orienta\u00e7\u00e3o Familiar fazendo parte atualmente da Equipa de Integra\u00e7\u00e3o Familiar do Centro de Terapia Familiar e Interven\u00e7\u00e3o Sist\u00e9mica.<\/p><p>Ao longo deste tempo teve oportunidade de participar em v\u00e1rias forma\u00e7\u00f5es tanto promovidas pela entidade patronal como por outras institui\u00e7\u00f5es da comunidade.<\/p><\/div>\t\t\t\t\t\t<\/div>\n\t\t\t\t<\/div>\n\t\t\t\t\t<\/div>\n\t\t<\/div>\n\t\t\t\t\t\t\t<\/div>\n\t\t<\/section>\n\t\t\t\t\t\t\t<\/div>\n\t\t","protected":false},"excerpt":{"rendered":"<p>Ingressou em 2004 no curso de Servi\u00e7o Social na Universidade dos A\u00e7ores concluindo-o em 2008, com est\u00e1gio curricular no servi\u00e7o de neonatologia do Hospital do Divino Esp\u00edrito Santo de Ponta Delgada. Em julho e agosto de 2008 desempenhou fun\u00e7\u00f5es de Assistente Social no servi\u00e7o de pediatria e neonatologia da referida entidade hospitalar. Em setembro de [&hellip;]<\/p>\n","protected":false},"author":1,"featured_media":0,"parent":0,"menu_order":0,"comment_status":"closed","ping_status":"closed","template":"","meta":{"footnotes":""},"_links":{"self":[{"href":"http:\/\/ctfis-acores.org\/wordpress\/index.php?rest_route=\/wp\/v2\/pages\/366"}],"collection":[{"href":"http:\/\/ctfis-acores.org\/wordpress\/index.php?rest_route=\/wp\/v2\/pages"}],"about":[{"href":"http:\/\/ctfis-acores.org\/wordpress\/index.php?rest_route=\/wp\/v2\/types\/page"}],"author":[{"embeddable":true,"href":"http:\/\/ctfis-acores.org\/wordpress\/index.php?rest_route=\/wp\/v2\/users\/1"}],"replies":[{"embeddable":true,"href":"http:\/\/ctfis-acores.org\/wordpress\/index.php?rest_route=%2Fwp%2Fv2%2Fcomments&post=366"}],"version-history":[{"count":4,"href":"http:\/\/ctfis-acores.org\/wordpress\/index.php?rest_route=\/wp\/v2\/pages\/366\/revisions"}],"predecessor-version":[{"id":1015,"href":"http:\/\/ctfis-acores.org\/wordpress\/index.php?rest_route=\/wp\/v2\/pages\/366\/revisions\/1015"}],"wp:attachment":[{"href":"http:\/\/ctfis-acores.org\/wordpress\/index.php?rest_route=%2Fwp%2Fv2%2Fmedia&parent=366"}],"curies":[{"name":"wp","href":"https:\/\/api.w.org\/{rel}","templated":true}]}}

<div data-elementor-type="wp-page" data-elementor-id="366" class="elementor elementor-366">
									<section class="elementor-section elementor-top-section elementor-element elementor-element-7b88cac elementor-section-boxed elementor-section-height-default elementor-section-height-default" data-id="7b88cac" data-element_type="section">
						<div class="elementor-container elementor-column-gap-default">
					<div class="elementor-column elementor-col-100 elementor-top-column elementor-element elementor-element-998fd82" data-id="998fd82" data-element_type="column">
			<div class="elementor-widget-wrap elementor-element-populated">
								<div class="elementor-element elementor-element-82e414c elementor-widget elementor-widget-image" data-id="82e414c" data-element_type="widget" data-widget_type="image.default">
				<div class="elementor-widget-container">
															<img loading="lazy" decoding="async" width="300" height="276" src="http://ctfis-acores.org/wordpress/wp-content/uploads/2021/07/foto-300x276.jpeg" class="attachment-medium size-medium" alt="" srcset="http://ctfis-acores.org/wordpress/wp-content/uploads/2021/07/foto-300x276.jpeg 300w, http://ctfis-acores.org/wordpress/wp-content/uploads/2021/07/foto-1024x941.jpeg 1024w, http://ctfis-acores.org/wordpress/wp-content/uploads/2021/07/foto-768x706.jpeg 768w, http://ctfis-acores.org/wordpress/wp-content/uploads/2021/07/foto.jpeg 1113w" sizes="(max-width: 300px) 100vw, 300px" />															</div>
				</div>
					</div>
		</div>
							</div>
		</section>
				<section class="elementor-section elementor-top-section elementor-element elementor-element-da17abb elementor-section-boxed elementor-section-height-default elementor-section-height-default" data-id="da17abb" data-element_type="section">
						<div class="elementor-container elementor-column-gap-default">
					<div class="elementor-column elementor-col-100 elementor-top-column elementor-element elementor-element-e97d6c7" data-id="e97d6c7" data-element_type="column">
			<div class="elementor-widget-wrap elementor-element-populated">
								<div class="elementor-element elementor-element-f14ff58 elementor-widget elementor-widget-text-editor" data-id="f14ff58" data-element_type="widget" data-widget_type="text-editor.default">
				<div class="elementor-widget-container">
							<p><span style="font-size: 16px;">Ingressou em 2004 no curso de Serviço Social na Universidade dos Açores concluindo-o em 2008, com estágio curricular no serviço de neonatologia do Hospital do Divino Espírito Santo de Ponta Delgada.</span></p><div class="textcurr"><p>Em julho e agosto de 2008 desempenhou funções de Assistente Social no serviço de pediatria e neonatologia da referida entidade hospitalar.</p><p>Em setembro de 2008 inicia funções na recém-formada Equipa de Orientação Familiar fazendo parte atualmente da Equipa de Integração Familiar do Centro de Terapia Familiar e Intervenção Sistémica.</p><p>Ao longo deste tempo teve oportunidade de participar em várias formações tanto promovidas pela entidade patronal como por outras instituições da comunidade.</p></div>						</div>
				</div>
					</div>
		</div>
							</div>
		</section>
							</div>

<p>Ingressou em 2004 no curso de Serviço Social na Universidade dos Açores concluindo-o em 2008, com estágio curricular no serviço de neonatologia do Hospital do Divino Espírito Santo de Ponta Delgada. Em julho e agosto de 2008 desempenhou funções de Assistente Social no serviço de pediatria e neonatologia da referida entidade hospitalar. Em setembro de [&hellip;]</p>
