{"id":362,"date":"2016-09-20T16:37:11","date_gmt":"2016-09-20T15:37:11","guid":{"rendered":"http:\/\/ctfis-acores.org\/wordpress\/?page_id=362"},"modified":"2021-11-11T09:59:52","modified_gmt":"2021-11-11T09:59:52","slug":"natalia-bautista","status":"publish","type":"page","link":"http:\/\/ctfis-acores.org\/wordpress\/?page_id=362","title":{"rendered":"Nat\u00e1lia Bautista"},"content":{"rendered":"\t\t<div data-elementor-type=\"wp-page\" data-elementor-id=\"362\" class=\"elementor elementor-362\">\n\t\t\t\t\t\t\t\t\t<section class=\"elementor-section elementor-top-section elementor-element elementor-element-d71f031 elementor-section-boxed elementor-section-height-default elementor-section-height-default\" data-id=\"d71f031\" data-element_type=\"section\">\n\t\t\t\t\t\t<div class=\"elementor-container elementor-column-gap-default\">\n\t\t\t\t\t<div class=\"elementor-column elementor-col-100 elementor-top-column elementor-element elementor-element-87064e1\" data-id=\"87064e1\" data-element_type=\"column\">\n\t\t\t<div class=\"elementor-widget-wrap elementor-element-populated\">\n\t\t\t\t\t\t\t\t<div class=\"elementor-element elementor-element-fe00575 elementor-widget elementor-widget-image\" data-id=\"fe00575\" data-element_type=\"widget\" data-widget_type=\"image.default\">\n\t\t\t\t<div class=\"elementor-widget-container\">\n\t\t\t\t\t\t\t\t\t\t\t\t\t\t\t<img loading=\"lazy\" decoding=\"async\" width=\"240\" height=\"300\" src=\"http:\/\/ctfis-acores.org\/wordpress\/wp-content\/uploads\/2021\/11\/IMG-20210623-WA0000_2-240x300.jpg\" class=\"attachment-medium size-medium\" alt=\"\" srcset=\"http:\/\/ctfis-acores.org\/wordpress\/wp-content\/uploads\/2021\/11\/IMG-20210623-WA0000_2-240x300.jpg 240w, http:\/\/ctfis-acores.org\/wordpress\/wp-content\/uploads\/2021\/11\/IMG-20210623-WA0000_2-818x1024.jpg 818w, http:\/\/ctfis-acores.org\/wordpress\/wp-content\/uploads\/2021\/11\/IMG-20210623-WA0000_2-768x962.jpg 768w, http:\/\/ctfis-acores.org\/wordpress\/wp-content\/uploads\/2021\/11\/IMG-20210623-WA0000_2.jpg 1209w\" sizes=\"(max-width: 240px) 100vw, 240px\" \/>\t\t\t\t\t\t\t\t\t\t\t\t\t\t\t<\/div>\n\t\t\t\t<\/div>\n\t\t\t\t\t<\/div>\n\t\t<\/div>\n\t\t\t\t\t\t\t<\/div>\n\t\t<\/section>\n\t\t\t\t<section class=\"elementor-section elementor-top-section elementor-element elementor-element-50a7 elementor-section-boxed elementor-section-height-default elementor-section-height-default\" data-id=\"50a7\" data-element_type=\"section\">\n\t\t\t\t\t\t<div class=\"elementor-container elementor-column-gap-default\">\n\t\t\t\t\t<div class=\"elementor-column elementor-col-100 elementor-top-column elementor-element elementor-element-5cf8\" data-id=\"5cf8\" data-element_type=\"column\">\n\t\t\t<div class=\"elementor-widget-wrap elementor-element-populated\">\n\t\t\t\t\t\t\t\t<div class=\"elementor-element elementor-element-30dc elementor-widget elementor-widget-text-editor\" data-id=\"30dc\" data-element_type=\"widget\" data-widget_type=\"text-editor.default\">\n\t\t\t\t<div class=\"elementor-widget-container\">\n\t\t\t\t\t\t\t<p>Em 2002 inicia a sua forma\u00e7\u00e3o em Servi\u00e7o social na Universidade Complutense de Madrid.<br \/><br \/>Finalizada a licenciatura desloca-se at\u00e9 Granada para frequentar a p\u00f3s-gradua\u00e7\u00e3o em Media\u00e7\u00e3o Familiar promovida pela Faculdade de Direito.<br \/><br \/>Participa tamb\u00e9m no curso de Monitora S\u00f3cio-Cultural e faz mais uma p\u00f3s-gradua\u00e7\u00e3o de Terapia Familiar em Psiquiatria.<br \/><br \/>Em 2005 inicia a sua actividade no mundo laboral como estagi\u00e1ria de Servi\u00e7o Social no Centro Paradoja da Funda\u00e7\u00e3o Adsis com crian\u00e7as em situa\u00e7\u00e3o de risco social em Madrid.<br \/><br \/>Em 2007 chega aos A\u00e7ores atrav\u00e9s da bolsa de estudos do programa Leonardo da Vinci como estagi\u00e1ria no Centro de Terapia Familiar e Interven\u00e7\u00e3o Sist\u00e9mica em S\u00e3o Miguel.<br \/><br \/>Nesse mesmo ano e at\u00e9 2008 trabalha como t\u00e9cnica na Associa\u00e7\u00e3o Feminista UMAR-A\u00e7ores onde faz parte, entre outros do projecto \u201cSexualidade e G\u00e9nero\u201d e \u201cTu Existes, tu Contas. Grupo de Mulheres Imigrantes\u201d.<br \/><br \/>Ap\u00f3s estes projectos passa a formar parte do Centro de Terapia Familiar e Interven\u00e7\u00e3o Sist\u00e9mica na equipa multidisciplinar de Terapia Familiar, dando tamb\u00e9m apoio \u00e0 equipa do Ponto de Encontro Familiar da mesma institui\u00e7\u00e3o.<br \/><br \/>Em Fevereiro de 2012 continua a sua forma\u00e7\u00e3o em Terapia Familiar, iniciando a fase de supervis\u00e3o de casos na Sociedade Portuguesa de Terapia Familiar em Lisboa, e integra o grupo do 180 Terapias Acores.<br \/><br \/>Em Dezembro de 2014 acaba a fase de supervis\u00e3o obtendo o t\u00edtulo de Terapeuta Familiar.<br \/><br \/>\u00c9 membro efectivo da Sociedade Portuguesa de Terapia Familiar.<br \/><br \/>Em 2015 frequenta a p\u00f3s-gradua\u00e7\u00e3o de Terapia Sexual e de Casal no Instituto de Sexolog\u00eda Al-Andalus em Granada, Espanha.\u00a0 Em 2016 acaba a fase de supervis\u00e3o obtendo o t\u00edtulo de Terapeuta Sexual.<br \/><br \/><span style=\"font-size: 10.0pt; font-family: 'Verdana',sans-serif; color: #333333;\">\u00c9 coordenadora da Equipa de Terapia Familiar desde 2019\u00a0<\/span><br \/><br \/><span style=\"font-size: 10.0pt; font-family: 'Verdana',sans-serif; color: #333333;\">Em 2018 abra\u00e7a com responsabilidade o seu ativismo social e come\u00e7a a fazer\u00a0parte da Dire\u00e7\u00e3o da Ass. UMAR A\u00e7ores\u00a0Uni\u00e3o de Mulheres Alternativa e Resposta e assume a\u00a0Presid\u00eancia\u00a0da APF A\u00e7ores. Associa\u00e7\u00e3o para o Planeamento Familiar. Sa\u00fade Sexual e Reprodutiva .<\/span><\/p>\t\t\t\t\t\t<\/div>\n\t\t\t\t<\/div>\n\t\t\t\t\t<\/div>\n\t\t<\/div>\n\t\t\t\t\t\t\t<\/div>\n\t\t<\/section>\n\t\t\t\t\t\t\t<\/div>\n\t\t","protected":false},"excerpt":{"rendered":"<p>Em 2002 inicia a sua forma\u00e7\u00e3o em Servi\u00e7o social na Universidade Complutense de Madrid. Finalizada a licenciatura desloca-se at\u00e9 Granada para frequentar a p\u00f3s-gradua\u00e7\u00e3o em Media\u00e7\u00e3o Familiar promovida pela Faculdade de Direito. Participa tamb\u00e9m no curso de Monitora S\u00f3cio-Cultural e faz mais uma p\u00f3s-gradua\u00e7\u00e3o de Terapia Familiar em Psiquiatria. Em 2005 inicia a sua actividade [&hellip;]<\/p>\n","protected":false},"author":1,"featured_media":0,"parent":0,"menu_order":0,"comment_status":"closed","ping_status":"closed","template":"","meta":{"footnotes":""},"_links":{"self":[{"href":"http:\/\/ctfis-acores.org\/wordpress\/index.php?rest_route=\/wp\/v2\/pages\/362"}],"collection":[{"href":"http:\/\/ctfis-acores.org\/wordpress\/index.php?rest_route=\/wp\/v2\/pages"}],"about":[{"href":"http:\/\/ctfis-acores.org\/wordpress\/index.php?rest_route=\/wp\/v2\/types\/page"}],"author":[{"embeddable":true,"href":"http:\/\/ctfis-acores.org\/wordpress\/index.php?rest_route=\/wp\/v2\/users\/1"}],"replies":[{"embeddable":true,"href":"http:\/\/ctfis-acores.org\/wordpress\/index.php?rest_route=%2Fwp%2Fv2%2Fcomments&post=362"}],"version-history":[{"count":6,"href":"http:\/\/ctfis-acores.org\/wordpress\/index.php?rest_route=\/wp\/v2\/pages\/362\/revisions"}],"predecessor-version":[{"id":1088,"href":"http:\/\/ctfis-acores.org\/wordpress\/index.php?rest_route=\/wp\/v2\/pages\/362\/revisions\/1088"}],"wp:attachment":[{"href":"http:\/\/ctfis-acores.org\/wordpress\/index.php?rest_route=%2Fwp%2Fv2%2Fmedia&parent=362"}],"curies":[{"name":"wp","href":"https:\/\/api.w.org\/{rel}","templated":true}]}}

Natália Bautista

<div data-elementor-type="wp-page" data-elementor-id="362" class="elementor elementor-362">
									<section class="elementor-section elementor-top-section elementor-element elementor-element-d71f031 elementor-section-boxed elementor-section-height-default elementor-section-height-default" data-id="d71f031" data-element_type="section">
						<div class="elementor-container elementor-column-gap-default">
					<div class="elementor-column elementor-col-100 elementor-top-column elementor-element elementor-element-87064e1" data-id="87064e1" data-element_type="column">
			<div class="elementor-widget-wrap elementor-element-populated">
								<div class="elementor-element elementor-element-fe00575 elementor-widget elementor-widget-image" data-id="fe00575" data-element_type="widget" data-widget_type="image.default">
				<div class="elementor-widget-container">
															<img loading="lazy" decoding="async" width="240" height="300" src="http://ctfis-acores.org/wordpress/wp-content/uploads/2021/11/IMG-20210623-WA0000_2-240x300.jpg" class="attachment-medium size-medium" alt="" srcset="http://ctfis-acores.org/wordpress/wp-content/uploads/2021/11/IMG-20210623-WA0000_2-240x300.jpg 240w, http://ctfis-acores.org/wordpress/wp-content/uploads/2021/11/IMG-20210623-WA0000_2-818x1024.jpg 818w, http://ctfis-acores.org/wordpress/wp-content/uploads/2021/11/IMG-20210623-WA0000_2-768x962.jpg 768w, http://ctfis-acores.org/wordpress/wp-content/uploads/2021/11/IMG-20210623-WA0000_2.jpg 1209w" sizes="(max-width: 240px) 100vw, 240px" />															</div>
				</div>
					</div>
		</div>
							</div>
		</section>
				<section class="elementor-section elementor-top-section elementor-element elementor-element-50a7 elementor-section-boxed elementor-section-height-default elementor-section-height-default" data-id="50a7" data-element_type="section">
						<div class="elementor-container elementor-column-gap-default">
					<div class="elementor-column elementor-col-100 elementor-top-column elementor-element elementor-element-5cf8" data-id="5cf8" data-element_type="column">
			<div class="elementor-widget-wrap elementor-element-populated">
								<div class="elementor-element elementor-element-30dc elementor-widget elementor-widget-text-editor" data-id="30dc" data-element_type="widget" data-widget_type="text-editor.default">
				<div class="elementor-widget-container">
							<p>Em 2002 inicia a sua formação em Serviço social na Universidade Complutense de Madrid.<br /><br />Finalizada a licenciatura desloca-se até Granada para frequentar a pós-graduação em Mediação Familiar promovida pela Faculdade de Direito.<br /><br />Participa também no curso de Monitora Sócio-Cultural e faz mais uma pós-graduação de Terapia Familiar em Psiquiatria.<br /><br />Em 2005 inicia a sua actividade no mundo laboral como estagiária de Serviço Social no Centro Paradoja da Fundação Adsis com crianças em situação de risco social em Madrid.<br /><br />Em 2007 chega aos Açores através da bolsa de estudos do programa Leonardo da Vinci como estagiária no Centro de Terapia Familiar e Intervenção Sistémica em São Miguel.<br /><br />Nesse mesmo ano e até 2008 trabalha como técnica na Associação Feminista UMAR-Açores onde faz parte, entre outros do projecto “Sexualidade e Género” e “Tu Existes, tu Contas. Grupo de Mulheres Imigrantes”.<br /><br />Após estes projectos passa a formar parte do Centro de Terapia Familiar e Intervenção Sistémica na equipa multidisciplinar de Terapia Familiar, dando também apoio à equipa do Ponto de Encontro Familiar da mesma instituição.<br /><br />Em Fevereiro de 2012 continua a sua formação em Terapia Familiar, iniciando a fase de supervisão de casos na Sociedade Portuguesa de Terapia Familiar em Lisboa, e integra o grupo do 180 Terapias Acores.<br /><br />Em Dezembro de 2014 acaba a fase de supervisão obtendo o título de Terapeuta Familiar.<br /><br />É membro efectivo da Sociedade Portuguesa de Terapia Familiar.<br /><br />Em 2015 frequenta a pós-graduação de Terapia Sexual e de Casal no Instituto de Sexología Al-Andalus em Granada, Espanha.  Em 2016 acaba a fase de supervisão obtendo o título de Terapeuta Sexual.<br /><br /><span style="font-size: 10.0pt; font-family: 'Verdana',sans-serif; color: #333333;">É coordenadora da Equipa de Terapia Familiar desde 2019 </span><br /><br /><span style="font-size: 10.0pt; font-family: 'Verdana',sans-serif; color: #333333;">Em 2018 abraça com responsabilidade o seu ativismo social e começa a fazer parte da Direção da Ass. UMAR Açores União de Mulheres Alternativa e Resposta e assume a Presidência da APF Açores. Associação para o Planeamento Familiar. Saúde Sexual e Reprodutiva .</span></p>						</div>
				</div>
					</div>
		</div>
							</div>
		</section>
							</div>

<p>Em 2002 inicia a sua formação em Serviço social na Universidade Complutense de Madrid. Finalizada a licenciatura desloca-se até Granada para frequentar a pós-graduação em Mediação Familiar promovida pela Faculdade de Direito. Participa também no curso de Monitora Sócio-Cultural e faz mais uma pós-graduação de Terapia Familiar em Psiquiatria. Em 2005 inicia a sua actividade [&hellip;]</p>
