{"id":336,"date":"2016-09-20T15:34:12","date_gmt":"2016-09-20T14:34:12","guid":{"rendered":"http:\/\/ctfis-acores.org\/wordpress\/?page_id=336"},"modified":"2021-07-06T10:22:14","modified_gmt":"2021-07-06T09:22:14","slug":"eva-cardoso","status":"publish","type":"page","link":"http:\/\/ctfis-acores.org\/wordpress\/?page_id=336","title":{"rendered":"Eva Cardoso"},"content":{"rendered":"\t\t<div data-elementor-type=\"wp-page\" data-elementor-id=\"336\" class=\"elementor elementor-336\">\n\t\t\t\t\t\t\t\t\t<section class=\"elementor-section elementor-top-section elementor-element elementor-element-79e35ba elementor-section-boxed elementor-section-height-default elementor-section-height-default\" data-id=\"79e35ba\" data-element_type=\"section\">\n\t\t\t\t\t\t<div class=\"elementor-container elementor-column-gap-default\">\n\t\t\t\t\t<div class=\"elementor-column elementor-col-100 elementor-top-column elementor-element elementor-element-2f7c82e\" data-id=\"2f7c82e\" data-element_type=\"column\">\n\t\t\t<div class=\"elementor-widget-wrap elementor-element-populated\">\n\t\t\t\t\t\t\t\t<div class=\"elementor-element elementor-element-d932b91 elementor-widget elementor-widget-image\" data-id=\"d932b91\" data-element_type=\"widget\" data-widget_type=\"image.default\">\n\t\t\t\t<div class=\"elementor-widget-container\">\n\t\t\t\t\t\t\t\t\t\t\t\t\t\t\t<img loading=\"lazy\" decoding=\"async\" width=\"190\" height=\"300\" src=\"http:\/\/ctfis-acores.org\/wordpress\/wp-content\/uploads\/2021\/07\/22729220_1326480094129032_6846199765513493398_n-Copia-190x300.jpg\" class=\"attachment-medium size-medium\" alt=\"\" srcset=\"http:\/\/ctfis-acores.org\/wordpress\/wp-content\/uploads\/2021\/07\/22729220_1326480094129032_6846199765513493398_n-Copia-190x300.jpg 190w, http:\/\/ctfis-acores.org\/wordpress\/wp-content\/uploads\/2021\/07\/22729220_1326480094129032_6846199765513493398_n-Copia.jpg 327w\" sizes=\"(max-width: 190px) 100vw, 190px\" \/>\t\t\t\t\t\t\t\t\t\t\t\t\t\t\t<\/div>\n\t\t\t\t<\/div>\n\t\t\t\t\t<\/div>\n\t\t<\/div>\n\t\t\t\t\t\t\t<\/div>\n\t\t<\/section>\n\t\t\t\t<section class=\"elementor-section elementor-top-section elementor-element elementor-element-4dc9 elementor-section-boxed elementor-section-height-default elementor-section-height-default\" data-id=\"4dc9\" data-element_type=\"section\">\n\t\t\t\t\t\t<div class=\"elementor-container elementor-column-gap-default\">\n\t\t\t\t\t<div class=\"elementor-column elementor-col-100 elementor-top-column elementor-element elementor-element-2512\" data-id=\"2512\" data-element_type=\"column\">\n\t\t\t<div class=\"elementor-widget-wrap elementor-element-populated\">\n\t\t\t\t\t\t\t\t<div class=\"elementor-element elementor-element-7ffb elementor-widget elementor-widget-text-editor\" data-id=\"7ffb\" data-element_type=\"widget\" data-widget_type=\"text-editor.default\">\n\t\t\t\t<div class=\"elementor-widget-container\">\n\t\t\t\t\t\t\t<p>Nasceu e viveu parte da sua vida na cidade do Porto, reside desde 2010 na ilha de S. Miguel. Conclui a sua Licenciatura em Educa\u00e7\u00e3o Social na Escola Superior de Educa\u00e7\u00e3o de Paula Frassinetti no Porto em Julho de 2003, ap\u00f3s ter realizado um est\u00e1gio curricular na institui\u00e7\u00e3o de acolhimento de crian\u00e7as e jovens: Obra ABC, onde realizou um trabalho de investiga\u00e7\u00e3o-ac\u00e7\u00e3o intitulado: \u201c O autoconceito da crian\u00e7a institucionalizada\u201d.<\/p><p>Inicia a sua atividade profissional atrav\u00e9s de est\u00e1gio realizado no Centro de Dia do Centro Social de Soutelo em 2004 e continua posteriormente a exercer fun\u00e7\u00f5es de Educadora Social na mesma institui\u00e7\u00e3o at\u00e9 Setembro de 2007 no entanto integrada numa Equipa Multidisciplinar de RSI.<\/p><p>Em 2007 integra projeto ILEX, onde desenvolve fun\u00e7\u00f5es de Trabalhadora Social e Comunit\u00e1ria com crian\u00e7as, jovens e adultos com defici\u00eancia no Homestead Group em Rhode Island.<\/p><p>De Janeiro de 2010 at\u00e9 \u00e0 data, desenvolve fun\u00e7\u00f5es como Educadora Social na Equipa de Integra\u00e7\u00e3o Familiar no Centro de Terapia Familiar e Interven\u00e7\u00e3o Sist\u00e9mica em Ponta Delgada A\u00e7ores.<\/p><p>De 2012 a 2014 tirou o Curso de Interven\u00e7\u00e3o Sist\u00e9mica na Sociedade Portuguesa de Terapia Familiar.<\/p><p>Paralelamente, desde 2005 foi desenvolvendo o interesse pela rela\u00e7\u00e3o mente-corpo, nomeadamente atrav\u00e9s da pr\u00e1tica de chi-kung e medita\u00e7\u00e3o. Actualmente frequenta curso de instrutores, bem como monitoriza aulas de chi-kung.<\/p>\t\t\t\t\t\t<\/div>\n\t\t\t\t<\/div>\n\t\t\t\t\t<\/div>\n\t\t<\/div>\n\t\t\t\t\t\t\t<\/div>\n\t\t<\/section>\n\t\t\t\t\t\t\t<\/div>\n\t\t","protected":false},"excerpt":{"rendered":"<p>Nasceu e viveu parte da sua vida na cidade do Porto, reside desde 2010 na ilha de S. Miguel. Conclui a sua Licenciatura em Educa\u00e7\u00e3o Social na Escola Superior de Educa\u00e7\u00e3o de Paula Frassinetti no Porto em Julho de 2003, ap\u00f3s ter realizado um est\u00e1gio curricular na institui\u00e7\u00e3o de acolhimento de crian\u00e7as e jovens: Obra [&hellip;]<\/p>\n","protected":false},"author":1,"featured_media":0,"parent":0,"menu_order":0,"comment_status":"closed","ping_status":"closed","template":"","meta":{"footnotes":""},"_links":{"self":[{"href":"http:\/\/ctfis-acores.org\/wordpress\/index.php?rest_route=\/wp\/v2\/pages\/336"}],"collection":[{"href":"http:\/\/ctfis-acores.org\/wordpress\/index.php?rest_route=\/wp\/v2\/pages"}],"about":[{"href":"http:\/\/ctfis-acores.org\/wordpress\/index.php?rest_route=\/wp\/v2\/types\/page"}],"author":[{"embeddable":true,"href":"http:\/\/ctfis-acores.org\/wordpress\/index.php?rest_route=\/wp\/v2\/users\/1"}],"replies":[{"embeddable":true,"href":"http:\/\/ctfis-acores.org\/wordpress\/index.php?rest_route=%2Fwp%2Fv2%2Fcomments&post=336"}],"version-history":[{"count":5,"href":"http:\/\/ctfis-acores.org\/wordpress\/index.php?rest_route=\/wp\/v2\/pages\/336\/revisions"}],"predecessor-version":[{"id":1027,"href":"http:\/\/ctfis-acores.org\/wordpress\/index.php?rest_route=\/wp\/v2\/pages\/336\/revisions\/1027"}],"wp:attachment":[{"href":"http:\/\/ctfis-acores.org\/wordpress\/index.php?rest_route=%2Fwp%2Fv2%2Fmedia&parent=336"}],"curies":[{"name":"wp","href":"https:\/\/api.w.org\/{rel}","templated":true}]}}

<div data-elementor-type="wp-page" data-elementor-id="336" class="elementor elementor-336">
									<section class="elementor-section elementor-top-section elementor-element elementor-element-79e35ba elementor-section-boxed elementor-section-height-default elementor-section-height-default" data-id="79e35ba" data-element_type="section">
						<div class="elementor-container elementor-column-gap-default">
					<div class="elementor-column elementor-col-100 elementor-top-column elementor-element elementor-element-2f7c82e" data-id="2f7c82e" data-element_type="column">
			<div class="elementor-widget-wrap elementor-element-populated">
								<div class="elementor-element elementor-element-d932b91 elementor-widget elementor-widget-image" data-id="d932b91" data-element_type="widget" data-widget_type="image.default">
				<div class="elementor-widget-container">
															<img loading="lazy" decoding="async" width="190" height="300" src="http://ctfis-acores.org/wordpress/wp-content/uploads/2021/07/22729220_1326480094129032_6846199765513493398_n-Copia-190x300.jpg" class="attachment-medium size-medium" alt="" srcset="http://ctfis-acores.org/wordpress/wp-content/uploads/2021/07/22729220_1326480094129032_6846199765513493398_n-Copia-190x300.jpg 190w, http://ctfis-acores.org/wordpress/wp-content/uploads/2021/07/22729220_1326480094129032_6846199765513493398_n-Copia.jpg 327w" sizes="(max-width: 190px) 100vw, 190px" />															</div>
				</div>
					</div>
		</div>
							</div>
		</section>
				<section class="elementor-section elementor-top-section elementor-element elementor-element-4dc9 elementor-section-boxed elementor-section-height-default elementor-section-height-default" data-id="4dc9" data-element_type="section">
						<div class="elementor-container elementor-column-gap-default">
					<div class="elementor-column elementor-col-100 elementor-top-column elementor-element elementor-element-2512" data-id="2512" data-element_type="column">
			<div class="elementor-widget-wrap elementor-element-populated">
								<div class="elementor-element elementor-element-7ffb elementor-widget elementor-widget-text-editor" data-id="7ffb" data-element_type="widget" data-widget_type="text-editor.default">
				<div class="elementor-widget-container">
							<p>Nasceu e viveu parte da sua vida na cidade do Porto, reside desde 2010 na ilha de S. Miguel. Conclui a sua Licenciatura em Educação Social na Escola Superior de Educação de Paula Frassinetti no Porto em Julho de 2003, após ter realizado um estágio curricular na instituição de acolhimento de crianças e jovens: Obra ABC, onde realizou um trabalho de investigação-acção intitulado: “ O autoconceito da criança institucionalizada”.</p><p>Inicia a sua atividade profissional através de estágio realizado no Centro de Dia do Centro Social de Soutelo em 2004 e continua posteriormente a exercer funções de Educadora Social na mesma instituição até Setembro de 2007 no entanto integrada numa Equipa Multidisciplinar de RSI.</p><p>Em 2007 integra projeto ILEX, onde desenvolve funções de Trabalhadora Social e Comunitária com crianças, jovens e adultos com deficiência no Homestead Group em Rhode Island.</p><p>De Janeiro de 2010 até à data, desenvolve funções como Educadora Social na Equipa de Integração Familiar no Centro de Terapia Familiar e Intervenção Sistémica em Ponta Delgada Açores.</p><p>De 2012 a 2014 tirou o Curso de Intervenção Sistémica na Sociedade Portuguesa de Terapia Familiar.</p><p>Paralelamente, desde 2005 foi desenvolvendo o interesse pela relação mente-corpo, nomeadamente através da prática de chi-kung e meditação. Actualmente frequenta curso de instrutores, bem como monitoriza aulas de chi-kung.</p>						</div>
				</div>
					</div>
		</div>
							</div>
		</section>
							</div>

<p>Nasceu e viveu parte da sua vida na cidade do Porto, reside desde 2010 na ilha de S. Miguel. Conclui a sua Licenciatura em Educação Social na Escola Superior de Educação de Paula Frassinetti no Porto em Julho de 2003, após ter realizado um estágio curricular na instituição de acolhimento de crianças e jovens: Obra [&hellip;]</p>
