{"id":332,"date":"2016-09-20T15:30:31","date_gmt":"2016-09-20T14:30:31","guid":{"rendered":"http:\/\/ctfis-acores.org\/wordpress\/?page_id=332"},"modified":"2021-07-06T10:15:13","modified_gmt":"2021-07-06T09:15:13","slug":"carolina-teves","status":"publish","type":"page","link":"http:\/\/ctfis-acores.org\/wordpress\/?page_id=332","title":{"rendered":"Carolina Teves"},"content":{"rendered":"\t\t<div data-elementor-type=\"wp-page\" data-elementor-id=\"332\" class=\"elementor elementor-332\">\n\t\t\t\t\t\t\t\t\t<section class=\"elementor-section elementor-top-section elementor-element elementor-element-b63ac2c elementor-section-boxed elementor-section-height-default elementor-section-height-default\" data-id=\"b63ac2c\" data-element_type=\"section\">\n\t\t\t\t\t\t<div class=\"elementor-container elementor-column-gap-default\">\n\t\t\t\t\t<div class=\"elementor-column elementor-col-100 elementor-top-column elementor-element elementor-element-7a5b054\" data-id=\"7a5b054\" data-element_type=\"column\">\n\t\t\t<div class=\"elementor-widget-wrap elementor-element-populated\">\n\t\t\t\t\t\t\t\t<div class=\"elementor-element elementor-element-3b452fe elementor-widget elementor-widget-image\" data-id=\"3b452fe\" data-element_type=\"widget\" data-widget_type=\"image.default\">\n\t\t\t\t<div class=\"elementor-widget-container\">\n\t\t\t\t\t\t\t\t\t\t\t\t\t\t\t<img loading=\"lazy\" decoding=\"async\" width=\"245\" height=\"300\" src=\"http:\/\/ctfis-acores.org\/wordpress\/wp-content\/uploads\/2021\/07\/foto-cv3-245x300.jpg\" class=\"attachment-medium size-medium\" alt=\"\" srcset=\"http:\/\/ctfis-acores.org\/wordpress\/wp-content\/uploads\/2021\/07\/foto-cv3-245x300.jpg 245w, http:\/\/ctfis-acores.org\/wordpress\/wp-content\/uploads\/2021\/07\/foto-cv3-836x1024.jpg 836w, http:\/\/ctfis-acores.org\/wordpress\/wp-content\/uploads\/2021\/07\/foto-cv3-768x941.jpg 768w, http:\/\/ctfis-acores.org\/wordpress\/wp-content\/uploads\/2021\/07\/foto-cv3-1254x1536.jpg 1254w, http:\/\/ctfis-acores.org\/wordpress\/wp-content\/uploads\/2021\/07\/foto-cv3-1672x2048.jpg 1672w\" sizes=\"(max-width: 245px) 100vw, 245px\" \/>\t\t\t\t\t\t\t\t\t\t\t\t\t\t\t<\/div>\n\t\t\t\t<\/div>\n\t\t\t\t\t<\/div>\n\t\t<\/div>\n\t\t\t\t\t\t\t<\/div>\n\t\t<\/section>\n\t\t\t\t<section class=\"elementor-section elementor-top-section elementor-element elementor-element-228 elementor-section-boxed elementor-section-height-default elementor-section-height-default\" data-id=\"228\" data-element_type=\"section\">\n\t\t\t\t\t\t<div class=\"elementor-container elementor-column-gap-default\">\n\t\t\t\t\t<div class=\"elementor-column elementor-col-100 elementor-top-column elementor-element elementor-element-28c1\" data-id=\"28c1\" data-element_type=\"column\">\n\t\t\t<div class=\"elementor-widget-wrap elementor-element-populated\">\n\t\t\t\t\t\t\t\t<div class=\"elementor-element elementor-element-741d elementor-widget elementor-widget-text-editor\" data-id=\"741d\" data-element_type=\"widget\" data-widget_type=\"text-editor.default\">\n\t\t\t\t<div class=\"elementor-widget-container\">\n\t\t\t\t\t\t\t<p style=\"text-align: justify; background: white; vertical-align: baseline; margin: 0cm 0cm 18.0pt 0cm;\"><span style=\"font-size: 10.5pt; font-family: 'Open Sans',sans-serif; color: #555555;\">Nasceu e cresceu na ilha Terceira, no arquip\u00e9lago dos A\u00e7ores. Em 2003 vai para Lisboa onde tira o Mestrado Integrado em Psicologia, \u00e1rea de Psicologia Cl\u00ednica Sist\u00e9mica. Em 2008 muda-se para a ilha de S\u00e3o Miguel-A\u00e7ores, para trabalhar no Centro de Terapia Familiar e Interven\u00e7\u00e3o Sist\u00e9mica. Integra esta institui\u00e7\u00e3o como t\u00e9cnica do Ponto de Encontro Familiar (PEF) onde ajudou a desenvolver a interven\u00e7\u00e3o desta equipa pioneira no pa\u00eds. Um ano depois (2009) sente necessidade de complementar a sua forma\u00e7\u00e3o profissional e tira uma p\u00f3s-gradua\u00e7\u00e3o em Media\u00e7\u00e3o Familiar. Desde ent\u00e3o tem exercido como mediadora familiar no \u00e2mbito p\u00fablico e privado.<\/span><\/p><p style=\"text-align: justify; background: white; vertical-align: baseline; margin: 0cm 0cm 18.0pt 0cm;\"><span style=\"font-size: 10.5pt; font-family: 'Open Sans',sans-serif; color: #555555;\">No final de 2020, decide enveredar por um novo caminho profissional e passa a integrar a Equipa de Integra\u00e7\u00e3o Familiar, onde tem oportunidade de reencontrar e explorar sua paix\u00e3o pela interven\u00e7\u00e3o familiar.<\/span><\/p><p style=\"text-align: justify; background: white; vertical-align: baseline; margin: 0cm 0cm 18.0pt 0cm;\"><span style=\"font-size: 10.5pt; font-family: 'Open Sans',sans-serif; color: #555555;\">Ao longo deste tempo como t\u00e9cnica no CTFIS, desempenhou fun\u00e7\u00f5es tamb\u00e9m noutras equipas, nomeadamente, Equipa de Terapia Familiar e Equipa Multidisciplinar de Apoio ao Tribunal \u2013 \u00e1rea Tutelar C\u00edvel. Fez tamb\u00e9m parte da equipa de forma\u00e7\u00e3o do Rela\u00e7\u00e3o.com, uma forma\u00e7\u00e3o dirigida a agentes de reabilita\u00e7\u00e3o psicossocial organizada pela Associa\u00e7\u00e3o para a Promo\u00e7\u00e3o de P\u00fablicos Jovens em Risco (APPJ).<\/span><\/p><p style=\"text-align: justify; background: white; vertical-align: baseline; margin: 0cm 0cm 18.0pt 0cm;\"><span style=\"font-size: 10.5pt; font-family: 'Open Sans',sans-serif; color: #555555;\">\u00c9 umas das co-autoras do projecto 180 Terapias Acores, onde para al\u00e9m de desempenhar fun\u00e7\u00f5es de mediadora familiar, \u00e9 formadora nas \u00e1reas de gest\u00e3o de conflitos e interven\u00e7\u00e3o sist\u00e9mica, entre outras.<\/span><\/p>\t\t\t\t\t\t<\/div>\n\t\t\t\t<\/div>\n\t\t\t\t\t<\/div>\n\t\t<\/div>\n\t\t\t\t\t\t\t<\/div>\n\t\t<\/section>\n\t\t\t\t\t\t\t<\/div>\n\t\t","protected":false},"excerpt":{"rendered":"<p>Nasceu e cresceu na ilha Terceira, no arquip\u00e9lago dos A\u00e7ores. Em 2003 vai para Lisboa onde tira o Mestrado Integrado em Psicologia, \u00e1rea de Psicologia Cl\u00ednica Sist\u00e9mica. Em 2008 muda-se para a ilha de S\u00e3o Miguel-A\u00e7ores, para trabalhar no Centro de Terapia Familiar e Interven\u00e7\u00e3o Sist\u00e9mica. Integra esta institui\u00e7\u00e3o como t\u00e9cnica do Ponto de Encontro [&hellip;]<\/p>\n","protected":false},"author":1,"featured_media":0,"parent":0,"menu_order":0,"comment_status":"closed","ping_status":"closed","template":"","meta":{"footnotes":""},"_links":{"self":[{"href":"http:\/\/ctfis-acores.org\/wordpress\/index.php?rest_route=\/wp\/v2\/pages\/332"}],"collection":[{"href":"http:\/\/ctfis-acores.org\/wordpress\/index.php?rest_route=\/wp\/v2\/pages"}],"about":[{"href":"http:\/\/ctfis-acores.org\/wordpress\/index.php?rest_route=\/wp\/v2\/types\/page"}],"author":[{"embeddable":true,"href":"http:\/\/ctfis-acores.org\/wordpress\/index.php?rest_route=\/wp\/v2\/users\/1"}],"replies":[{"embeddable":true,"href":"http:\/\/ctfis-acores.org\/wordpress\/index.php?rest_route=%2Fwp%2Fv2%2Fcomments&post=332"}],"version-history":[{"count":6,"href":"http:\/\/ctfis-acores.org\/wordpress\/index.php?rest_route=\/wp\/v2\/pages\/332\/revisions"}],"predecessor-version":[{"id":1023,"href":"http:\/\/ctfis-acores.org\/wordpress\/index.php?rest_route=\/wp\/v2\/pages\/332\/revisions\/1023"}],"wp:attachment":[{"href":"http:\/\/ctfis-acores.org\/wordpress\/index.php?rest_route=%2Fwp%2Fv2%2Fmedia&parent=332"}],"curies":[{"name":"wp","href":"https:\/\/api.w.org\/{rel}","templated":true}]}}

<div data-elementor-type="wp-page" data-elementor-id="332" class="elementor elementor-332">
									<section class="elementor-section elementor-top-section elementor-element elementor-element-b63ac2c elementor-section-boxed elementor-section-height-default elementor-section-height-default" data-id="b63ac2c" data-element_type="section">
						<div class="elementor-container elementor-column-gap-default">
					<div class="elementor-column elementor-col-100 elementor-top-column elementor-element elementor-element-7a5b054" data-id="7a5b054" data-element_type="column">
			<div class="elementor-widget-wrap elementor-element-populated">
								<div class="elementor-element elementor-element-3b452fe elementor-widget elementor-widget-image" data-id="3b452fe" data-element_type="widget" data-widget_type="image.default">
				<div class="elementor-widget-container">
															<img loading="lazy" decoding="async" width="245" height="300" src="http://ctfis-acores.org/wordpress/wp-content/uploads/2021/07/foto-cv3-245x300.jpg" class="attachment-medium size-medium" alt="" srcset="http://ctfis-acores.org/wordpress/wp-content/uploads/2021/07/foto-cv3-245x300.jpg 245w, http://ctfis-acores.org/wordpress/wp-content/uploads/2021/07/foto-cv3-836x1024.jpg 836w, http://ctfis-acores.org/wordpress/wp-content/uploads/2021/07/foto-cv3-768x941.jpg 768w, http://ctfis-acores.org/wordpress/wp-content/uploads/2021/07/foto-cv3-1254x1536.jpg 1254w, http://ctfis-acores.org/wordpress/wp-content/uploads/2021/07/foto-cv3-1672x2048.jpg 1672w" sizes="(max-width: 245px) 100vw, 245px" />															</div>
				</div>
					</div>
		</div>
							</div>
		</section>
				<section class="elementor-section elementor-top-section elementor-element elementor-element-228 elementor-section-boxed elementor-section-height-default elementor-section-height-default" data-id="228" data-element_type="section">
						<div class="elementor-container elementor-column-gap-default">
					<div class="elementor-column elementor-col-100 elementor-top-column elementor-element elementor-element-28c1" data-id="28c1" data-element_type="column">
			<div class="elementor-widget-wrap elementor-element-populated">
								<div class="elementor-element elementor-element-741d elementor-widget elementor-widget-text-editor" data-id="741d" data-element_type="widget" data-widget_type="text-editor.default">
				<div class="elementor-widget-container">
							<p style="text-align: justify; background: white; vertical-align: baseline; margin: 0cm 0cm 18.0pt 0cm;"><span style="font-size: 10.5pt; font-family: 'Open Sans',sans-serif; color: #555555;">Nasceu e cresceu na ilha Terceira, no arquipélago dos Açores. Em 2003 vai para Lisboa onde tira o Mestrado Integrado em Psicologia, área de Psicologia Clínica Sistémica. Em 2008 muda-se para a ilha de São Miguel-Açores, para trabalhar no Centro de Terapia Familiar e Intervenção Sistémica. Integra esta instituição como técnica do Ponto de Encontro Familiar (PEF) onde ajudou a desenvolver a intervenção desta equipa pioneira no país. Um ano depois (2009) sente necessidade de complementar a sua formação profissional e tira uma pós-graduação em Mediação Familiar. Desde então tem exercido como mediadora familiar no âmbito público e privado.</span></p><p style="text-align: justify; background: white; vertical-align: baseline; margin: 0cm 0cm 18.0pt 0cm;"><span style="font-size: 10.5pt; font-family: 'Open Sans',sans-serif; color: #555555;">No final de 2020, decide enveredar por um novo caminho profissional e passa a integrar a Equipa de Integração Familiar, onde tem oportunidade de reencontrar e explorar sua paixão pela intervenção familiar.</span></p><p style="text-align: justify; background: white; vertical-align: baseline; margin: 0cm 0cm 18.0pt 0cm;"><span style="font-size: 10.5pt; font-family: 'Open Sans',sans-serif; color: #555555;">Ao longo deste tempo como técnica no CTFIS, desempenhou funções também noutras equipas, nomeadamente, Equipa de Terapia Familiar e Equipa Multidisciplinar de Apoio ao Tribunal – área Tutelar Cível. Fez também parte da equipa de formação do Relação.com, uma formação dirigida a agentes de reabilitação psicossocial organizada pela Associação para a Promoção de Públicos Jovens em Risco (APPJ).</span></p><p style="text-align: justify; background: white; vertical-align: baseline; margin: 0cm 0cm 18.0pt 0cm;"><span style="font-size: 10.5pt; font-family: 'Open Sans',sans-serif; color: #555555;">É umas das co-autoras do projecto 180 Terapias Acores, onde para além de desempenhar funções de mediadora familiar, é formadora nas áreas de gestão de conflitos e intervenção sistémica, entre outras.</span></p>						</div>
				</div>
					</div>
		</div>
							</div>
		</section>
							</div>

<p>Nasceu e cresceu na ilha Terceira, no arquipélago dos Açores. Em 2003 vai para Lisboa onde tira o Mestrado Integrado em Psicologia, área de Psicologia Clínica Sistémica. Em 2008 muda-se para a ilha de São Miguel-Açores, para trabalhar no Centro de Terapia Familiar e Intervenção Sistémica. Integra esta instituição como técnica do Ponto de Encontro [&hellip;]</p>
