{"id":287,"date":"2016-08-10T11:21:17","date_gmt":"2016-08-10T10:21:17","guid":{"rendered":"http:\/\/ctfis-acores.org\/wordpress\/?page_id=287"},"modified":"2021-07-06T13:27:45","modified_gmt":"2021-07-06T12:27:45","slug":"alexandra-reis","status":"publish","type":"page","link":"http:\/\/ctfis-acores.org\/wordpress\/?page_id=287","title":{"rendered":"Alexandra Reis"},"content":{"rendered":"\t\t<div data-elementor-type=\"wp-page\" data-elementor-id=\"287\" class=\"elementor elementor-287\">\n\t\t\t\t\t\t\t\t\t<section class=\"elementor-section elementor-top-section elementor-element elementor-element-5b9582e elementor-section-boxed elementor-section-height-default elementor-section-height-default\" data-id=\"5b9582e\" data-element_type=\"section\">\n\t\t\t\t\t\t<div class=\"elementor-container elementor-column-gap-default\">\n\t\t\t\t\t<div class=\"elementor-column elementor-col-100 elementor-top-column elementor-element elementor-element-d561b94\" data-id=\"d561b94\" data-element_type=\"column\">\n\t\t\t<div class=\"elementor-widget-wrap elementor-element-populated\">\n\t\t\t\t\t\t\t\t<div class=\"elementor-element elementor-element-431ce79 elementor-widget elementor-widget-image\" data-id=\"431ce79\" data-element_type=\"widget\" data-widget_type=\"image.default\">\n\t\t\t\t<div class=\"elementor-widget-container\">\n\t\t\t\t\t\t\t\t\t\t\t\t\t\t\t<img loading=\"lazy\" decoding=\"async\" width=\"300\" height=\"283\" src=\"http:\/\/ctfis-acores.org\/wordpress\/wp-content\/uploads\/2021\/07\/cecc87e8-d6d6-4fd5-b89a-f5aaae6a32d7-300x283.jpg\" class=\"attachment-medium size-medium\" alt=\"\" srcset=\"http:\/\/ctfis-acores.org\/wordpress\/wp-content\/uploads\/2021\/07\/cecc87e8-d6d6-4fd5-b89a-f5aaae6a32d7-300x283.jpg 300w, http:\/\/ctfis-acores.org\/wordpress\/wp-content\/uploads\/2021\/07\/cecc87e8-d6d6-4fd5-b89a-f5aaae6a32d7-768x724.jpg 768w, http:\/\/ctfis-acores.org\/wordpress\/wp-content\/uploads\/2021\/07\/cecc87e8-d6d6-4fd5-b89a-f5aaae6a32d7.jpg 904w\" sizes=\"(max-width: 300px) 100vw, 300px\" \/>\t\t\t\t\t\t\t\t\t\t\t\t\t\t\t<\/div>\n\t\t\t\t<\/div>\n\t\t\t\t\t<\/div>\n\t\t<\/div>\n\t\t\t\t\t\t\t<\/div>\n\t\t<\/section>\n\t\t\t\t<section class=\"elementor-section elementor-top-section elementor-element elementor-element-5197 elementor-section-boxed elementor-section-height-default elementor-section-height-default\" data-id=\"5197\" data-element_type=\"section\">\n\t\t\t\t\t\t<div class=\"elementor-container elementor-column-gap-default\">\n\t\t\t\t\t<div class=\"elementor-column elementor-col-100 elementor-top-column elementor-element elementor-element-7080\" data-id=\"7080\" data-element_type=\"column\">\n\t\t\t<div class=\"elementor-widget-wrap elementor-element-populated\">\n\t\t\t\t\t\t\t\t<div class=\"elementor-element elementor-element-3b5 elementor-widget elementor-widget-text-editor\" data-id=\"3b5\" data-element_type=\"widget\" data-widget_type=\"text-editor.default\">\n\t\t\t\t<div class=\"elementor-widget-container\">\n\t\t\t\t\t\t\t<p>Nascida e criada em S\u00e3o Miguel, em 2002 aventura-se por Coimbra no curso de Ci\u00eancias de Educa\u00e7\u00e3o, que conclui em 2007.<\/p><p>Em 2008 integra o Centro de Terapia Familiar, que tem sido a sua segunda casa desde esta altura.<\/p><p>Tem tido a oportunidade de participar em diversas forma\u00e7\u00f5es na \u00e1rea da interven\u00e7\u00e3o sist\u00e9mica e encontra-se atualmente a frequentar o Curso de Forma\u00e7\u00e3o em Interven\u00e7\u00e3o Sist\u00e9mica Familiar, ministrada pela Sociedade Portuguesa de Terapia Familiar, em parceria com o CTFIS.<\/p><p>Assume fun\u00e7\u00f5es de coordena\u00e7\u00e3o da Equipa de Integra\u00e7\u00e3o Familiar.<\/p>\t\t\t\t\t\t<\/div>\n\t\t\t\t<\/div>\n\t\t\t\t\t<\/div>\n\t\t<\/div>\n\t\t\t\t\t\t\t<\/div>\n\t\t<\/section>\n\t\t\t\t\t\t\t<\/div>\n\t\t","protected":false},"excerpt":{"rendered":"<p>Nascida e criada em S\u00e3o Miguel, em 2002 aventura-se por Coimbra no curso de Ci\u00eancias de Educa\u00e7\u00e3o, que conclui em 2007. Em 2008 integra o Centro de Terapia Familiar, que tem sido a sua segunda casa desde esta altura. Tem tido a oportunidade de participar em diversas forma\u00e7\u00f5es na \u00e1rea da interven\u00e7\u00e3o sist\u00e9mica e encontra-se [&hellip;]<\/p>\n","protected":false},"author":1,"featured_media":0,"parent":281,"menu_order":0,"comment_status":"closed","ping_status":"closed","template":"","meta":{"footnotes":""},"_links":{"self":[{"href":"http:\/\/ctfis-acores.org\/wordpress\/index.php?rest_route=\/wp\/v2\/pages\/287"}],"collection":[{"href":"http:\/\/ctfis-acores.org\/wordpress\/index.php?rest_route=\/wp\/v2\/pages"}],"about":[{"href":"http:\/\/ctfis-acores.org\/wordpress\/index.php?rest_route=\/wp\/v2\/types\/page"}],"author":[{"embeddable":true,"href":"http:\/\/ctfis-acores.org\/wordpress\/index.php?rest_route=\/wp\/v2\/users\/1"}],"replies":[{"embeddable":true,"href":"http:\/\/ctfis-acores.org\/wordpress\/index.php?rest_route=%2Fwp%2Fv2%2Fcomments&post=287"}],"version-history":[{"count":7,"href":"http:\/\/ctfis-acores.org\/wordpress\/index.php?rest_route=\/wp\/v2\/pages\/287\/revisions"}],"predecessor-version":[{"id":1042,"href":"http:\/\/ctfis-acores.org\/wordpress\/index.php?rest_route=\/wp\/v2\/pages\/287\/revisions\/1042"}],"up":[{"embeddable":true,"href":"http:\/\/ctfis-acores.org\/wordpress\/index.php?rest_route=\/wp\/v2\/pages\/281"}],"wp:attachment":[{"href":"http:\/\/ctfis-acores.org\/wordpress\/index.php?rest_route=%2Fwp%2Fv2%2Fmedia&parent=287"}],"curies":[{"name":"wp","href":"https:\/\/api.w.org\/{rel}","templated":true}]}}

<div data-elementor-type="wp-page" data-elementor-id="287" class="elementor elementor-287">
									<section class="elementor-section elementor-top-section elementor-element elementor-element-5b9582e elementor-section-boxed elementor-section-height-default elementor-section-height-default" data-id="5b9582e" data-element_type="section">
						<div class="elementor-container elementor-column-gap-default">
					<div class="elementor-column elementor-col-100 elementor-top-column elementor-element elementor-element-d561b94" data-id="d561b94" data-element_type="column">
			<div class="elementor-widget-wrap elementor-element-populated">
								<div class="elementor-element elementor-element-431ce79 elementor-widget elementor-widget-image" data-id="431ce79" data-element_type="widget" data-widget_type="image.default">
				<div class="elementor-widget-container">
															<img loading="lazy" decoding="async" width="300" height="283" src="http://ctfis-acores.org/wordpress/wp-content/uploads/2021/07/cecc87e8-d6d6-4fd5-b89a-f5aaae6a32d7-300x283.jpg" class="attachment-medium size-medium" alt="" srcset="http://ctfis-acores.org/wordpress/wp-content/uploads/2021/07/cecc87e8-d6d6-4fd5-b89a-f5aaae6a32d7-300x283.jpg 300w, http://ctfis-acores.org/wordpress/wp-content/uploads/2021/07/cecc87e8-d6d6-4fd5-b89a-f5aaae6a32d7-768x724.jpg 768w, http://ctfis-acores.org/wordpress/wp-content/uploads/2021/07/cecc87e8-d6d6-4fd5-b89a-f5aaae6a32d7.jpg 904w" sizes="(max-width: 300px) 100vw, 300px" />															</div>
				</div>
					</div>
		</div>
							</div>
		</section>
				<section class="elementor-section elementor-top-section elementor-element elementor-element-5197 elementor-section-boxed elementor-section-height-default elementor-section-height-default" data-id="5197" data-element_type="section">
						<div class="elementor-container elementor-column-gap-default">
					<div class="elementor-column elementor-col-100 elementor-top-column elementor-element elementor-element-7080" data-id="7080" data-element_type="column">
			<div class="elementor-widget-wrap elementor-element-populated">
								<div class="elementor-element elementor-element-3b5 elementor-widget elementor-widget-text-editor" data-id="3b5" data-element_type="widget" data-widget_type="text-editor.default">
				<div class="elementor-widget-container">
							<p>Nascida e criada em São Miguel, em 2002 aventura-se por Coimbra no curso de Ciências de Educação, que conclui em 2007.</p><p>Em 2008 integra o Centro de Terapia Familiar, que tem sido a sua segunda casa desde esta altura.</p><p>Tem tido a oportunidade de participar em diversas formações na área da intervenção sistémica e encontra-se atualmente a frequentar o Curso de Formação em Intervenção Sistémica Familiar, ministrada pela Sociedade Portuguesa de Terapia Familiar, em parceria com o CTFIS.</p><p>Assume funções de coordenação da Equipa de Integração Familiar.</p>						</div>
				</div>
					</div>
		</div>
							</div>
		</section>
							</div>

<p>Nascida e criada em São Miguel, em 2002 aventura-se por Coimbra no curso de Ciências de Educação, que conclui em 2007. Em 2008 integra o Centro de Terapia Familiar, que tem sido a sua segunda casa desde esta altura. Tem tido a oportunidade de participar em diversas formações na área da intervenção sistémica e encontra-se [&hellip;]</p>
